be 103 - 3/f*-4. Suppose 0 = 4*n - 6*n - 8, -5*l - n = -k. Is l prime?
False
Suppose 0 = u - 4*y + 3*y - 11, 5*u = -y + 25. Is (2/(-3))/(u/(-477)) prime?
True
Let x(h) = -23*h - 7. Suppose -3*v - 12 = -v. Is x(v) a composite number?
False
Is (2/(-4))/(7/(-4606)) prime?
False
Let c = -23 + 30. Let v = 35 + -49. Let k = c - v. Is k prime?
False
Is (-123)/(-6)*34 - 3 a prime number?
False
Let p(y) = y**2 - 2*y - 133. Let z be p(0). Let w = 356 + z. Is w a prime number?
True
Suppose -3*j = -3988 + 913. Is j/20 + 3/(-12) prime?
False
Let n = 8110 - 4589. Is n a composite number?
True
Suppose -5*r = 25, 3*s = -0*r - 3*r + 156. Let p = -9 - -13. Suppose s = p*u - x, -x = u + 2*x - 24. Is u a composite number?
True
Let h(t) = t**2 - 21*t. Let q be h(9). Let u = 399 + q. Is u a composite number?
True
Let f = 21 + -22. Is f/((-8120)/(-2708) - 3) a composite number?
False
Let r be 1 + 0 - -2 - -2. Suppose -r*i = 2*p - 361 - 21, 0 = -5*p + 2*i + 955. Is p a prime number?
True
Let c = 4 - -14. Suppose h + 3 = c. Is h prime?
False
Let k = -6561 - -9724. Is k a composite number?
False
Let p = 1879 + -1092. Is p a prime number?
True
Let s(n) = -n**3 + 15*n**2 + n - 1. Let z(q) be the second derivative of -13*q**5/20 - q**2/2 - 2*q. Let o be z(-1). Is s(o) a prime number?
True
Suppose 9 = 4*i - 3. Is (-1422)/(-4)*2/i prime?
False
Suppose -2*m = -5*a - 968, 4*a - 10 = -a. Let x be 1/((5/2)/5). Suppose -s + m = x*s. Is s prime?
True
Let o(k) = 9*k + 8*k**2 + 9*k + 17 - 22*k + 10*k**2. Is o(7) composite?
True
Suppose 5*v = -3352 + 9407. Is v a composite number?
True
Suppose -s + 3*s + 4*z = 410, s - 205 = 3*z. Is s composite?
True
Suppose -1373 = -3*q + 5*o, -3*o + o = -2*q + 910. Is q a composite number?
True
Suppose -4*z - 210 = 1202. Is (-1 + 4)/(-3)*z composite?
False
Is 2002/8 + (-5)/20 + 1 a composite number?
False
Let j be 2/3 - (-166)/(-6). Suppose -5*c = -3*s + 93, -4*c + 0*c + 118 = 5*s. Let v = s - j. Is v a composite number?
False
Suppose 51 = 2*a - 4667. Is a a prime number?
False
Suppose -f - 2*f = -9. Suppose -h = -f*h - 2. Is (0 - h/(-3))*-159 composite?
False
Suppose 0 = -2*n + 32 + 18. Suppose -2*c = -j - 33, n = c + 4*j - 14. Is c a prime number?
True
Let u = 127 - 70. Is u a composite number?
True
Let m(c) be the first derivative of 32*c**3/3 - 3*c**2/2 - 3*c + 3. Is m(4) prime?
False
Let m be (72/45)/(2/5). Suppose -1448 = -m*s + 692. Is s a prime number?
False
Let r(n) be the second derivative of 3*n**3/2 + n**2/2 + 4*n. Is r(2) composite?
False
Suppose -2*a = 3*a. Suppose a = q - 40 - 15. Is q composite?
True
Suppose 9 = 3*n + y, 5*y - 11 - 8 = -2*n. Suppose 2*q = 2*h + 380, -n*q - 93 + 478 = 3*h. Is q composite?
False
Let d = -147 + 274. Is d prime?
True
Let s be 85 + 0/(-3) - 0. Let c = s + 6. Is c a composite number?
True
Let d = 26 - 7. Let y = 204 - d. Is y a prime number?
False
Let h = 72 + -35. Is h prime?
True
Let g(w) = w + 1. Let h(f) = f**3 + 4*f**2 - 5*f - 2. Let y be h(-5). Let r be g(y). Is -9 + 8 - 14*r a prime number?
True
Let d be -1 + 1/((-1)/(-2)). Let v(x) = 2*x**2. Let o be v(d). Suppose h - 152 = -3*q, -o*q + 471 = 3*h + 2*q. Is h prime?
False
Suppose 5*y - 393 = -5*r + 232, 125 = y + 2*r. Suppose 0 = -5*z + y - 30. Suppose -70 = -d - z. Is d a prime number?
False
Let p(h) = 32*h + 10. Is p(9) composite?
True
Suppose -648 = -x + 917. Is x a prime number?
False
Let v = 8 + 2. Suppose 0 = 4*l - v - 30. Is l a composite number?
True
Suppose 2*q - 133 = 3*g, 5*g + 214 = 5*q - 111. Suppose 0 = -t - 7 + q. Is t composite?
True
Suppose -2*d = -5*d + 9. Suppose 0 = g - 2*c - 285, 0*g = -d*g - 5*c + 866. Is g a composite number?
True
Let n = -1 + 4. Let d be (-18)/(-15)*10/n. Suppose -2*v = 0, -2*k + d*v = k - 231. Is k a composite number?
True
Suppose -4*d = -v + 371, 0*v - 3*v + d = -1124. Suppose 3*z - v = -2*z. Is -2 - (-4)/(12/z) prime?
True
Let q be (-13)/(-2) - (-2)/(-4). Suppose 4 = i - q. Is i a prime number?
False
Suppose -2*y = 2*w + 3*y - 1370, -2*w + 1370 = -y. Is w composite?
True
Let f = -5 + 7. Is 125 + (4 - 3)*f a composite number?
False
Let g(k) = -5*k + 2. Let f be g(6). Let a be (91/f)/(2/(-16)). Suppose a = 2*t - 192. Is t prime?
True
Suppose -3*d + 5 = -4*d. Let k(i) = -i**3 - 3*i**2 - 6*i - 3. Let s(z) = -z**3 - 2*z**2 - 7*z - 4. Let a(c) = d*k(c) + 4*s(c). Is a(-6) composite?
False
Suppose -2*a = 3*y - 11, 0 = -a - a + 4*y - 24. Is (-1)/(39/(-18) - a) prime?
False
Let g(y) be the second derivative of y**5/20 + 2*y**4/3 + y**3/3 + 7*y**2 - y. Is g(-6) a composite number?
True
Let s = 171 - -80. Is s a composite number?
False
Let g(d) = -6 + 10 - 4 + 3*d. Let o = 6 + -4. Is g(o) a prime number?
False
Suppose -1081 = -p - 3*b, -p - b + 510 + 575 = 0. Is p a prime number?
True
Suppose -1555 = 4*z - 5*z. Is z a prime number?
False
Suppose z = 3*x + 6, -z + 2*z + 5*x + 10 = 0. Let l(k) = -k**3 - k + 109. Is l(z) a composite number?
False
Suppose 2*a - 17 + 7 = 0. Suppose -q + a*x + 4 = 1, 5*q - 5*x = 15. Suppose -2*y + q*v = -43, 0*y + y + v - 24 = 0. Is y prime?
True
Let z be 1*52 + 1/(-1). Suppose 4*b = 3*q + 329, 0*q - q = -b + 81. Let f = b - z. Is f a prime number?
False
Let l = -5 + 10. Suppose -l*f + 14 = -6. Suppose t - 245 = -f*t. Is t a prime number?
False
Let o(j) = -19*j + 34. Is o(-19) composite?
True
Suppose 4774 = 5*d + 59. Is d a composite number?
True
Suppose 0 = l + r + 3, -5*l - r - 1 = 2. Suppose 0 = -2*i - l*i + 1246. Is i a composite number?
True
Let p be 5 + (2 - 1) + 2. Let l(m) = -m**3 + 10*m**2 - 9*m - 7. Is l(p) composite?
True
Suppose -648 = -3*c + 483. Is c a composite number?
True
Let n be (2 + 1)*(-2)/(-3). Is n/(-6) - (-86)/6 a composite number?
True
Suppose -238 = -3*n + 656. Is n a composite number?
True
Suppose -g = 2*y + y - 178, 3*g + y = 494. Is g a composite number?
False
Let o = 1 + 0. Let q(n) = -o + 0 + n - 3*n. Is q(-4) composite?
False
Let v = -13 + 17. Suppose -5*r - 256 = -4*x, v*r + 175 = 2*x + 41. Is x composite?
False
Suppose -w + 4*x + 48 = 3*x, -4*w + 3*x = -196. Let i(o) = -10*o**3 + 2*o**2 + 2*o + 1. Let c be i(-2). Let l = c - w. Is l prime?
False
Suppose 3*a + 3 = -15. Is 87 - (3 + a/2) a prime number?
False
Is 8537/5 + 2/(-5) a composite number?
True
Suppose 187 = 5*r - 468. Is r composite?
False
Let o be -104*2*2/(-8). Suppose 2*x = 4*c - 0*c + o, 62 = 3*x + 2*c. Suppose -x = -2*m - 8. Is m composite?
False
Suppose -n - 1262 = -3*n. Is n a prime number?
True
Let d = 6 - 3. Suppose 344 = 4*s - d*c, 0 = 5*s - 3*s + c - 162. Is s prime?
True
Suppose b = -2*b + 93. Is b prime?
True
Suppose -7 = -5*q + 8. Suppose -a + q*a = 370. Is a a composite number?
True
Suppose -5*k + 0*k = -3*h - 18, 3*k - 9 = 0. Let p(i) be the third derivative of 11*i**5/10 - i**4/24 - i**2. Is p(h) a composite number?
False
Let b = -5 + 9. Let n be (5/10)/((-2)/(-72)). Suppose d - n = b. Is d a composite number?
True
Let g(n) = -6*n + 9. Let y be g(-8). Suppose 0 = -3*j - 3 - y. Is 6/10 + (-4048)/j a prime number?
False
Is (2*-1)/(-1*(-20)/(-22930)) prime?
True
Suppose -3*f + 1296 + 3981 = 3*z, 0 = 3*z - 5*f - 5277. Is z prime?
True
Let r(p) = p**2 - 5*p + 3. Let h be r(5). Suppose -h*z = -103 - 260. Is z prime?
False
Let l = -64 + 368. Let c = l + -37. Is c a composite number?
True
Suppose -4*t + 291 = -t. Is t a composite number?
False
Suppose 10*t - 52 = 14*t. Is (-12 - t)*(332 - 1) a composite number?
False
Let h(s) = -6*s**3 - 2*s**2 - 3*s - 3. Suppose 4*a - 17 = -1. Suppose 0 = -2*z + 6*z - 2*r + 4, a*z + 3*r + 14 = 0. Is h(z) a prime number?
True
Let b(g) = g**2 - 10*g + 9. Let a be b(9). Suppose a = 5*w + 5*m - 675, -11 - 688 = -5*w + m. Is w composite?
False
Let v(q) = -q**3 + 16*q**2 - 5*q - 5. Is v(7) composite?
False
Suppose -84 = f + 3*f. Is f*2*(-3)/18 a composite number?
False
Suppose -5*d = -3*d - 114. Is (-2)/3*d/(-1) prime?
False
Let o = 12 - 12. Suppose -n + 6*n - 65 = o. Is n a composite number?
False
Let x(z) = 2*z + z - z. Is x(7) prime?
False
Suppose j + 4*j = 310. Is j prime?
False
Suppose -6244 = -4*q - 2*b, 4*q + q + 3*b - 7807 = 0. Is q a composite number?
False
Suppose 328 = -5*j - 37. Suppose -5*r - 570 = -5*v, 0*r - 5*v = 3*r + 310. Let f = j - r. Is f prime?
True
Let i(q) = 344*q - 45. Is i(8) prime?
True
Let q(p) be the second derivative of -p**5/